(k) be the first derivative of -1 - k + 3/2*k**2. Let d be (300/(-525))/((-4)/(-14)). Calculate q(d).
-7
Let a(z) be the first derivative of 1/3*z**3 - z + 1 + 0*z**2. Let x(o) be the first derivative of a(o). Calculate x(-1).
-2
Suppose 4*a = 4*j + 3 + 1, -j - 5*a = -5. Suppose -3*p - 3 + 0 = j. Let r(f) = 8*f**2 + f + 1. Give r(p).
8
Let o(u) = -1 + 9*u**2 - 8*u**3 + 7*u**3 - 6*u**2. What is o(2)?
3
Let a(z) be the third derivative of -z**5/60 + z**4/6 + 2*z**3/3 - 19*z**2. What is a(5)?
-1
Suppose -12 = 4*o - o. Let x(k) = 10*k. Let r(m) = m - 2*m + 4*m. Let j(w) = -7*r(w) + 2*x(w). Give j(o).
4
Let i(d) be the first derivative of -d**7/420 + d**6/120 - d**5/120 - d**4/12 + 4*d**3/3 + 7. Let g(m) be the third derivative of i(m). Give g(2).
-8
Suppose 0 = -3*u - 2*q + 19, 0 = 3*u - 7*u - 3*q + 27. Suppose u*v - 2*k - 13 = -4*k, -2*v + 2*k = -22. Let h(b) = b - 3. Determine h(v).
4
Suppose 2 = 2*p + 3*r, 5*p - 3 = 2*p - 4*r. Let n(u) = -17*u**3. Calculate n(p).
-17
Let s(a) = 12 - 9 - a - 6. Let p be s(0). Let k(m) = 1 + 0*m**3 + 1 - 3*m**2 - m**3. Give k(p).
2
Let z(s) = -4*s**2 + 38*s + 24. Let o(t) = t**2 - 9*t - 6. Let u(m) = -9*o(m) - 2*z(m). Determine u(5).
6
Let t(i) = -i**3 + 3*i**2 + 4*i + 4. Suppose 4*y + 4 = j, 4*j = 2*y + 20 - 4. Determine t(j).
4
Suppose z + 4*o = 5*o, 5*z + 8 = 3*o. Let h(l) = -l**2 - 6*l - 1. Give h(z).
7
Suppose 0 = 4*n - 1 - 3. Suppose 6 = j + n. Let u(m) = -m**2 + 4*m - 6. Determine u(j).
-11
Let d(c) = 4*c + 1. Suppose l + 4*f = -3*l - 16, -4*l - 5*f = 21. Let i be (2 + l + -2)/1. Calculate d(i).
5
Suppose -4*w = -s, 3*s + 4 + 7 = w. Let v(d) be the second derivative of -d**3/6 + d**2/2 - 5*d. Give v(s).
5
Let r(o) = -3*o + 6. Suppose -2*i + 14*i - 48 = 0. Determine r(i).
-6
Let c(i) = i**3 - 8*i**2 - 7*i - 6. Let n(s) = -s + 6. Let q be n(-3). Give c(q).
12
Let h(a) = 3*a**3 + 2*a**2 + a - 1. Let u be h(-2). Let k = -13 - u. Let t(p) = 2 - 5*p + 6*p - k. Give t(-3).
-7
Let a(l) be the second derivative of 0 + 2/3*l**3 - 1/2*l**2 + l + 1/24*l**4 - 1/60*l**5 - 1/120*l**6. Let f(j) be the first derivative of a(j). Give f(0).
4
Let x(d) = 9*d**2 + 2*d + 1. Suppose 35 = -2*r + 33. Calculate x(r).
8
Let n(q) = -q**3 - 3*q**2 - 2*q - 2. Let r(s) = -12*s**2 - 2*s + 1. Let u be r(1). Let w be 6/24 - u/(-4). Calculate n(w).
4
Let d(a) = -6*a**2 - 5*a + 3. Let u(m) = -m**2 + m + 1. Let r(p) = -d(p) + 5*u(p). Give r(-6).
-22
Suppose 9*i = 2*i + i. Let v(d) = d**2 + d - 7. What is v(i)?
-7
Suppose 1 = -3*s - 11. Let q(z) = -z - 3. Calculate q(s).
1
Let m be (-2)/(-4) + 20/(-8). Let o(y) = -9*y**2 + 2*y + 4. Let p(k) = -8*k**2 + k + 3. Let b(a) = m*o(a) + 3*p(a). Let s = 2 - 1. Determine b(s).
-6
Let u(h) = -2*h - 4*h + 2 - 6 - h**2. What is u(-6)?
-4
Let j(f) = 3*f**2 - 5*f + 1 + 3*f - 2*f**2. Determine j(-2).
9
Let y(u) = -2*u + 41*u**2 - u + 4 - 20*u**2 + u**3 - 22*u**2. Calculate y(3).
13
Let n(l) = -l + 1. Let h = 11 - 8. What is n(h)?
-2
Suppose 0 = p - 4*p + 3*i - 6, 5*i - 14 = 3*p. Suppose -p*j = -j + 1. Let d(b) = 4*b - 1. Calculate d(j).
-5
Let j(l) = 2*l + 4. Let a be j(0). Suppose 2*u = -i + 10, i = a*u - 0*i - 20. Let h(x) = x + 2. What is h(u)?
7
Let f(k) be the first derivative of -1/6*k**3 + 1/12*k**4 + 1 - 2*k - 3/2*k**2. Let x(m) be the first derivative of f(m). Calculate x(0).
-3
Suppose -3*v = 5*a - 34, -5*v = -2*a - 1 - 4. Suppose a*h = 4*h + 3. Let i(l) = 0*l**2 - l**2 + 0 + 1 + l. What is i(h)?
-5
Let x(r) = r**3 - 3*r**2 - 3*r - 3. Suppose 0 = m - 3*m + 4. Let k be m/5 - 36/(-10). Determine x(k).
1
Let q be ((-6)/(-8))/(1/4). Suppose o - 10 = x, -q*o + 5 = 4*x + 2*o. Let m(v) = -v**3 - 6*v**2 - 6*v + 3. What is m(x)?
8
Suppose 7 = -b + 7. Let z(j) be the second derivative of -2*j**2 - 1/6*j**3 - j + b. Calculate z(0).
-4
Let j(z) = -2*z**2 + z + 1. Suppose 12 = -4*p - 4*n, -3*p + 3*n - 12 = 7*n. Suppose p = -0*c - c + 2. Determine j(c).
-5
Let r = 2 + -5. Let a = 6 + r. Let v(f) = 4*f**2 - f + a*f + f**3 + 1 - 2. Calculate v(-2).
3
Let r(o) be the first derivative of -4*o - 3*o**2 + 5/3*o**3 + 1/4*o**4 - 2. What is r(-6)?
-4
Suppose 7 = f + 3*b, -5*f + b + 3 = -0*f. Let u be 4 + (-9)/(1/f). Let o(k) = -k + 6. Give o(u).
11
Let q(y) = -y**2 + 6*y + 8. Let m(b) = -b**2 + 6 + 3*b**2 - 6*b + b**2 - 4*b**2. Let p be m(-6). What is q(p)?
8
Let y(q) = -q**2 + 6*q + 3. Let i be y(6). Let f(t) = 28*t - 4 - 14*t - 17*t + t**2. Give f(i).
-4
Let s(a) = -5*a - 14. Let x(u) = 3*u + 9. Suppose -v + 5*v - 20 = 0. Let h(n) = v*s(n) + 8*x(n). Let f = 10 - 5. Determine h(f).
-3
Suppose 4 = 4*o + 8. Let y(k) be the second derivative of -7*k**3/6 - 2*k. Give y(o).
7
Let c(m) = 16*m**2 - 2*m**3 + 4*m**3 - 23*m**2 + 1 - m - m**3. Let f = -10 - -17. Determine c(f).
-6
Let k(a) = 11*a**3 - 26*a**2 + 11*a + 3. Suppose 0 = -r - 0*r + 3. Let u(v) = 4*v**3 - 9*v**2 + 4*v + 1. Let x(q) = r*k(q) - 8*u(q). What is x(6)?
7
Let h = -3 - -2. Let i be 0 - 0/2 - -2. Let a(o) = i*o + 0*o - 10*o**2 + 18*o**2 + 1. Calculate a(h).
7
Let b = -10 - -5. Let q(r) = -r**2 - 1 + 5*r + 0*r**2 + 7. Let p(z) = -3*z**2 + 10*z + 13. Let s(y) = b*q(y) + 2*p(y). Determine s(-5).
-4
Let n = 41 + -45. Let l(o) = -5*o**2 - 5*o + 2. Let y(k) = -9*k**2 - 10*k + 3. Let j(h) = 7*l(h) - 4*y(h). Give j(n).
-2
Let b(z) be the first derivative of z**2/2 + 9*z + 8. What is b(-9)?
0
Suppose 0 = 4*y, 2*y + 10 = 5*l - 3*y. Let c(o) be the first derivative of -6*o + 1 - 1/2*o**l. Calculate c(0).
-6
Let h(l) be the first derivative of 3*l**2/2 - 8*l + 4. Calculate h(6).
10
Let z(m) be the first derivative of -m**3/6 + 7*m**2/2 + m - 4. Let y(d) be the first derivative of z(d). Give y(0).
7
Let c(p) be the first derivative of 1/12*p**4 + 0*p + 1 + p**2 - 1/6*p**3. Let g(h) be the second derivative of c(h). What is g(3)?
5
Let d be 96/15 + (-4)/10. Let w be 4/2 - 1*-2. Let p = d - w. Let i(l) = -2*l**2 + 2*l + 1. What is i(p)?
-3
Let w(s) = s**2 - 2*s + 1. Suppose -5*f - 19 = -z, 3*z + 13 = -4*f - 6. Let a = -3 - z. Determine w(a).
9
Suppose -4*i + 1 = -5*b + 6, -2*b + 3*i = -2. Let w = b - 2. Let q(c) = 8*c + 1. Determine q(w).
-7
Let g(w) = w**2 + 4*w + 4. Let a be 4/(-20) + 2/10. Let i be (a - 6) + 2 + -1. What is g(i)?
9
Let w(c) be the third derivative of 1/120*c**6 - 7/6*c**3 + 7/24*c**4 - 1/10*c**5 + 0 + 0*c + c**2. What is w(5)?
3
Let x be (20/(-16))/5*0. Let w(u) = u**2 - u - 11. Give w(x).
-11
Suppose 0 = 3*w - 4*t, 0*w - w + 5*t + 11 = 0. Let z be 4 - w/6*-3. Let n(v) = z*v + 1 + 0 - 5. Calculate n(5).
6
Let k(q) = 9 + 0 + 1 + q. Suppose f - o + 5 = 2, 0 = -2*o + 6. Determine k(f).
10
Let w be (1*-5)/(1 + 0). Let q(n) be the second derivative of n**4/12 + n**3 + 3*n**2 + 66*n. Determine q(w).
1
Let n = -1 - -3. Suppose -5 = -0*x - x + n*f, 8 = -2*x - 5*f. Let d be 3*-1 + x + -2. Let u(g) = -2*g - 5. Determine u(d).
3
Let m(i) = i - 1. Suppose -2*p + 3*p + 8 = -w, 0 = -2*p - 4*w - 24. What is m(p)?
-5
Suppose 9 = f + 5. Let t(m) = -f + 8*m**2 - 3*m**2 - m**3 + 0*m - 3*m + 5*m. Let p(y) = -y**3 - 5*y**2 - 5*y + 1. Let r be p(-4). Determine t(r).
6
Suppose h + i = 12, 2*i = -4*h - 12 + 58. Let x(q) = -q + 14. What is x(h)?
3
Let w(j) = j**2 - 4*j - 5. Let t(k) = k**3 - 7*k**2 + 5. Let f be t(7). Let a = 7 - f. Let h be 18/3 - (a + 0). What is w(h)?
-5
Let j(f) = -f + 2 - 7 + 0. Let q(a) = -a**3 - 8*a**2 + 10*a + 3. Let g be q(-9). What is j(g)?
1
Let g = 0 + 6. Suppose 2*m - g*m - 12 = 0. Let f(i) = 7*i**3 + 9*i**2 + 4*i - 5. Let d(j) = j**3 + j**2 + j - 1. Let l(y) = 6*d(y) - f(y). What is l(m)?
-7
Let p(x) = 6*x**2 - 6*x**2 - x - 6*x**2 + 1. Let j(d) = d**2 - 8*d + 1. Suppose -5*v + 8 = -4*v. Let u be j(v). What is p(u)?
-6
Let m = -253 - -255. Let u(o) = o**2. Let s be u(-1). Let l(g) = g**3 - s + 1. What is l(m)?
8
Let a(t) = -1. Let w(k) be the first derivative of -k**2/2 - 10*k - 5. Let g(n) = 3*a(n) - w(n). Calculate g(6).
13
Let v(i) = i**2 + 2*i - 4. Let k(d) = -d. Let u(z) = -3*k(z) - v(z). Let s = 1 - 4. Give u(s).
-8
Let w(b) be the third derivative of -b**5/30 + b**4/8 - b**3/3 + 58*b**2. Suppose -z = 5*t - 8, 5*t + 3*z + 0 = 4. Determine w(t).
-4
Let t(u) = -4*u**2 + 7*u + 3. Let p(d) = -11*d**2 + 18*d + 9. Let y(q) = -3*p(q) + 8*t(q). Let m be 1 + (-4)/(0 - -1). What is y(m)?
0
Let v(d) = d**2 - 7*d + 7*d**2 - d**3 - d**2 + 2. What is v(6)